ist the prime factors of w(-10).
3, 17
Let o(u) = 212*u + 15758. List the prime factors of o(0).
2, 7879
Let s(z) be the first derivative of -5*z**4/6 - z**3/6 + 17*z**2/2 - 3. Let j(b) be the second derivative of s(b). What are the prime factors of j(-5)?
3, 11
What are the prime factors of -1 + 3681 - ((-1694)/(-605))/((-7)/(-10))?
2, 919
Let s = -1915 + 1968. Let g be (-291)/6 - 1/(-2). Let q = g + s. List the prime factors of q.
5
Let r(p) = 11042*p**2 - 4*p - 1. List the prime factors of r(-1).
5, 47
Suppose -56800 = -5*w + 3*q, 4*w + 4*q = -3807 + 49279. What are the prime factors of w?
11, 1033
Suppose -3*s + i - 6*i = -9, -2*s = 5*i - 6. Let t(u) = 6*u**3 - u**2 + 6*u - 5. What are the prime factors of t(s)?
2, 83
Let m(c) = -21*c + 57. Suppose -s - 15 = -9. Let i be m(s). Let q = -97 + i. List the prime factors of q.
2, 43
Suppose 339 - 915 = -2*n + 4*i, -3*n + 5*i = -866. What are the prime factors of n?
2, 73
Let d be (4 - 736/28)*7. Let p = 155 - d. List the prime factors of p.
311
Let g(o) = o**3 + 12*o**2 - 18*o + 6. Let y be -8*(3/(-4) + (-5)/(-10)). Suppose y*s = -s - 39. What are the prime factors of g(s)?
71
Let n(o) = 66*o + 1414. What are the prime factors of n(0)?
2, 7, 101
Suppose -104*s - 5*p = -108*s + 83869, -5*s + 104846 = -3*p. List the prime factors of s.
67, 313
Suppose -22*h + 20 = -18*h. Suppose z + 3*c = 6*z - 4, 0 = h*z - 4*c - 7. What are the prime factors of ((-40)/(-5))/(1 - z)?
2
Let l(g) = 16*g**3 - g**2 + 50*g - 69. What are the prime factors of l(9)?
2, 3, 997
Suppose -5*b + 4*y = -386832, 889 - 857 = -4*y. What are the prime factors of b?
2, 5, 967
Suppose -12*d + 19*d - 101137 = 5*x, -2*x - 57790 = -4*d. List the prime factors of d.
2, 31, 233
Let n = 28532 - 3581. List the prime factors of n.
3, 8317
Suppose -646 = 9*u + 470. Let l = -88 - u. List the prime factors of l + 4 + 1 + -2.
3, 13
List the prime factors of 512/(-1280) + (-94394)/(-10).
9439
Let i(h) = 259*h**3 + h**2 - 23*h + 41. List the prime factors of i(2).
19, 109
Suppose -2*p - 5*j = -23 - 10, 3*p - 4*j - 38 = 0. Let w(l) = 7*l - 10 - 15*l**2 + 43 + 5*l + l**3. What are the prime factors of w(p)?
5
List the prime factors of 31 + 22287 - ((-3)/(-2))/((-30)/40).
2, 3, 5, 31
Let s = -157 + 161. Let d(c) = 20*c**2 + 6*c + 7. List the prime factors of d(s).
3, 13
Suppose 0 = -2*g - 5*o + 7088, 11*g - 7070 = 9*g + 4*o. List the prime factors of g.
3539
Let k(v) = v. Let d(l) = -2*l - 4*l - 2*l + 4*l - 6. Let a(o) = -d(o) + 6*k(o). What are the prime factors of a(2)?
2, 13
Let q(z) = 101*z**2 + 431*z + 7. What are the prime factors of q(8)?
7, 13, 109
Let m = -4587 - -6548. What are the prime factors of m?
37, 53
List the prime factors of 92/32 + -3 - ((-1894977)/72)/1.
3, 31, 283
Suppose -8*o = -11*o + 42. Let s(y) = -13*y + 931*y**2 - 3 - o*y - 926*y**2. List the prime factors of s(10).
227
Suppose 0 = 8*h - 26*h + 54. Suppose 4*x - 1098 = 2*w, 1744 - 647 = 4*x - h*w. List the prime factors of x.
5, 11
Let u = -113 - -109. Let f(i) = -4*i**3 - i**2 - i - 2. What are the prime factors of f(u)?
2, 11
Suppose 0 = 24*f - 77 + 5. Suppose f*q = -5*m + 4774, -7*q - 3*m + 4776 = -4*q. What are the prime factors of q?
3, 59
Suppose 683559 + 2000565 = 177*m - 364701. What are the prime factors of m?
5, 13, 53
Let n = -324 - -184. Let l = n + 359. List the prime factors of l.
3, 73
Suppose 0*n = 2*n + n. Suppose n = 3*z - 15*z + 1308. Suppose 2*c = z - 3. List the prime factors of c.
53
Suppose 23*p - 3 = 22*p. Suppose -4*v - 4*j + 800 = 0, -5*v = -p*j - j - 1018. List the prime factors of v.
2, 101
Let g = -870 + 18692. List the prime factors of g.
2, 7, 19, 67
Suppose 28*m - 20*m = 6776. Suppose i + 3*j = 3*i - m, 3*i - 1287 = -j. List the prime factors of i.
2, 107
Suppose -242*t + 147504 = -74*t. List the prime factors of t.
2, 439
Let i be (-234)/(-4)*(-3072)/(-144). Suppose 2*a - 754 = l, -5*a = -2*l - 636 - i. List the prime factors of a.
2, 47
Let a be (-4 - (-10)/(-5))/(-1). List the prime factors of 59 + a*6/(-12).
2, 7
What are the prime factors of ((-5)/(5/4332))/(2397/611 + -4)?
2, 3, 13, 19
Suppose 0 = -g - 5*b - 215, 7*g + 1123 = 2*g - b. Let h = 414 + g. List the prime factors of h.
3, 7
Let o = 11800 + 3420. List the prime factors of o.
2, 5, 761
Suppose 6*u - 5423 + 1541 = 0. Let l = u + -407. List the prime factors of l.
2, 3, 5
Suppose 80 = -2*i + 7*i. Suppose 6*f - i = 8. What are the prime factors of 3*4/f - -9?
2, 3
Let l be (-4*1)/((-38)/4446). Suppose -2*o + 5*r = -2294, 4*o + 5*r - 5116 + l = 0. What are the prime factors of o?
13, 89
Let p = -29 + 32. Suppose -p*a + 12 = -a. Suppose 480 = -g + a*g. What are the prime factors of g?
2, 3
Suppose -4*g - 2168 = 4*w, 0*w = 2*g - 2*w + 1092. Let m = g + 963. What are the prime factors of m?
419
Suppose 10*o - 2*o - 24 = 0. Suppose -4*r + m + 72 = 0, 2 = 3*r - o*m - 43. What are the prime factors of r?
19
Let i = 123 + -105. Suppose 0*w + 22 = 4*w - 5*t, -w - 5*t = -i. What are the prime factors of (533/26)/(1/w)?
2, 41
Let j(s) = s**2 - 94*s + 1003. What are the prime factors of j(-88)?
3, 31, 61
Suppose 5*a = -3*x + 29583, 42*x - 44*x = 2*a - 19730. List the prime factors of x.
9871
Suppose -5*a + 121 = 111. Let z(x) = -4 + 16 - a - 12*x. What are the prime factors of z(-9)?
2, 59
Let q = -30 - -23. Let z(f) be the first derivative of -f**2 + 8*f + 1. List the prime factors of z(q).
2, 11
Suppose -177*y + 62*y + 1006553 + 342742 = 0. What are the prime factors of y?
3, 3911
Let s = 62327 - 30861. What are the prime factors of s?
2, 15733
Let b = 121 + -53. Suppose 0 = 25*p - 32*p - 322. Let j = b + p. What are the prime factors of j?
2, 11
List the prime factors of (286/(-52) - (-25)/5)*-175*218.
5, 7, 109
What are the prime factors of 6/33 - (4 - 202904/11)?
2, 9221
Suppose -10*k + 24967 = -75382 - 45461. What are the prime factors of k?
7, 2083
Suppose 245*d - 24 = 237*d. Suppose d*u + 2177 = 4*t - 4854, 3*u = -3. What are the prime factors of t?
7, 251
Suppose 4*k + 104 = -4*o, k - 162 = 5*o - 2*k. What are the prime factors of (-6715)/o + (-3 - (-76)/24)?
2, 7
Suppose -5*s + 214 = 3*x, 15*s - 361 = -5*x + 11*s. Let w = 0 + 0. Suppose w = -2*g + x + 97. List the prime factors of g.
5, 17
Suppose 66*n - 8856 = 123*n - 63*n. What are the prime factors of n?
2, 3, 41
Let y be (-1 + -2 - 17)*(-78)/8. Suppose -3*j = -y - 825. Suppose -4*g + j = 4*a, -2*a + 5 = -1. What are the prime factors of g?
2, 41
Suppose -2*o + 1686 = 2*d, d - 858 + 19 = -5*o. Let t = -502 + d. List the prime factors of t.
2, 3, 19
Let v = 141 + -141. Suppose v = 321*b - 320*b - 634. What are the prime factors of b?
2, 317
Let s = -12633 - -23664. What are the prime factors of s?
3, 3677
Let z(s) = -1 + 8 - 22*s - 4. Let f be z(-9). Suppose 3*r - 4*y - f = 0, 5*r = 7*r + 2*y - 148. What are the prime factors of r?
71
Suppose 231459 = 19*n - 199043. What are the prime factors of n?
2, 11329
Let f = -25 + 29. Suppose 5*x = x + f*g + 492, -3*x = g - 357. Let d = 276 - x. What are the prime factors of d?
2, 3, 13
Let i(o) = 845*o**2 + o + 28. What are the prime factors of i(-5)?
2, 17, 311
Let l(t) = t**3 - 8*t**2 - 12*t - 15. Let c be l(11). What are the prime factors of (100/(-15) - -2)*c/(-14)?
2, 3
What are the prime factors of 1084/1*(-203)/(-58)?
2, 7, 271
Let n(o) = 70*o**2 + o - 218. List the prime factors of n(-14).
2, 3, 281
Let a be 4/12 + (176/12)/4. Suppose m + a*f - 278 = 0, m - 7 - 276 = -3*f. What are the prime factors of m?
2, 149
Let x = 3 - 13. Let z(r) = -20*r - 95. List the prime factors of z(x).
3, 5, 7
Let h be -48*(-12)/32*22. Let o = h - 36. What are the prime factors of o?
2, 3, 5
Let y = -356 - -360. Suppose 643 = y*d + 2*v - 1189, -5*d - 5*v = -2300. List the prime factors of d.
2, 3, 19
Let c = -20017 + 33744. What are the prime factors of c?
7, 37, 53
Let u(o) = o + 55. Let n be u(0). Suppose -2*a - 199 = n. Let p = a - -220. What are the prime factors of p?
3, 31
Suppose 450 = 4*x + 58. Let j(n) = -10*n - 679. Let m be j(-68). Let h = x - m. List the prime factors of h.
97
Suppose -5*q - 150 = -10*q. Let p be (-8448)/q - 2/5. Let v = -135 - p. List the prime factors of v.
3, 7
What are the prime factors of (851739*(-21)/63)/(-7)?
40559
Suppose -8*x + 980 = -3052. Suppose -1218 -